519?
4
What is the ten thousands digit of 1048156179?
5
What is the hundred millions digit of 175345187?
1
What is the hundred thousands digit of 738034561?
0
What is the units digit of 876280094?
4
What is the millions digit of 18817025?
8
What is the ten thousands digit of 4656335967?
3
What is the ten millions digit of 377435891?
7
What is the thousands digit of 159215013?
5
What is the thousands digit of 5635653982?
3
What is the hundreds digit of 234112827?
8
What is the hundred millions digit of 167373342?
1
What is the millions digit of 1023145419?
3
What is the thousands digit of 75996690?
6
What is the hundreds digit of 947874520?
5
What is the tens digit of 318889830?
3
What is the hundreds digit of 233677589?
5
What is the hundred thousands digit of 47336026?
3
What is the tens digit of 1377297?
9
What is the millions digit of 213287557?
3
What is the ten millions digit of 278586768?
7
What is the hundred thousands digit of 8142991?
1
What is the ten thousands digit of 137129938?
2
What is the ten millions digit of 454503587?
5
What is the ten thousands digit of 49694342?
9
What is the hundred thousands digit of 46728056?
7
What is the hundreds digit of 142845716?
7
What is the ten thousands digit of 1308670438?
7
What is the units digit of 29970946?
6
What is the hundred thousands digit of 9731757?
7
What is the millions digit of 115720830?
5
What is the hundred thousands digit of 4132739012?
7
What is the hundreds digit of 2604047377?
3
What is the hundreds digit of 96814370?
3
What is the thousands digit of 85552361?
2
What is the units digit of 197313722?
2
What is the ten millions digit of 147705374?
4
What is the hundreds digit of 19607767?
7
What is the hundred millions digit of 187918043?
1
What is the units digit of 563730549?
9
What is the hundred millions digit of 2106077625?
1
What is the hundred thousands digit of 115462317?
4
What is the ten millions digit of 2605104432?
0
What is the units digit of 95321235?
5
What is the hundreds digit of 144142483?
4
What is the ten thousands digit of 497318931?
1
What is the ten thousands digit of 863163117?
6
What is the units digit of 181261831?
1
What is the hundreds digit of 426407291?
2
What is the ten millions digit of 218202518?
1
What is the tens digit of 33862643?
4
What is the thousands digit of 13052042?
2
What is the hundreds digit of 2301013118?
1
What is the ten thousands digit of 384503813?
0
What is the hundreds digit of 66837378?
3
What is the tens digit of 813173614?
1
What is the millions digit of 66723311?
6
What is the millions digit of 160109260?
0
What is the hundreds digit of 39437596?
5
What is the millions digit of 50984804?
0
What is the millions digit of 188986640?
8
What is the hundreds digit of 45559983?
9
What is the ten millions digit of 3744104803?
4
What is the ten millions digit of 42966695?
4
What is the ten millions digit of 422668486?
2
What is the ten millions digit of 456747622?
5
What is the thousands digit of 261228046?
8
What is the ten thousands digit of 412210689?
1
What is the hundred thousands digit of 54111410?
1
What is the ten thousands digit of 257542423?
4
What is the tens digit of 65962820?
2
What is the hundred thousands digit of 20559395?
5
What is the tens digit of 177914432?
3
What is the hundred millions digit of 173208787?
1
What is the units digit of 484453664?
4
What is the units digit of 386737173?
3
What is the hundred thousands digit of 672667000?
6
What is the hundred thousands digit of 1614668517?
6
What is the thousands digit of 602576922?
6
What is the hundred thousands digit of 50706037?
7
What is the millions digit of 61294712?
1
What is the hundreds digit of 758287129?
1
What is the hundred thousands digit of 3403814472?
8
What is the hundreds digit of 395690440?
4
What is the thousands digit of 2125716087?
6
What is the hundred thousands digit of 83824637?
8
What is the hundreds digit of 187300482?
4
What is the ten thousands digit of 362863560?
6
What is the tens digit of 3210376759?
5
What is the millions digit of 249274879?
9
What is the ten millions digit of 1224009603?
2
What is the hundreds digit of 868794943?
9
What is the hundreds digit of 1691325192?
1
What is the units digit of 104200740?
0
What is the thousands digit of 80532489?
2
What is the hundred millions digit of 124016350?
1
What is the hundred thousands digit of 2437862?
4
What is the units digit of 11812372?
2
What is the thousands digit of 154615000?
5
What is the hundred millions digit of 873936641?
8
What is the tens digit of 61498747?
4
What is the units digit of 270995728?
8
What is the hundreds digit of 1805374275?
2
What is the ten millions digit of 1720590632?
2
What is the tens digit of 2214908439?
3
What is the tens digit of 13763575?
7
What is the ten millions digit of 490896815?
9
What is the hundred millions digit of 301178013?
3
What is the tens digit of 1373190181?
8
What is the millions digit of 105190892?
5
What is the hundreds digit of 74944908?
9
What is the tens digit of 52480631?
3
What is the ten thousands digit of 783588787?
8
What is the units digit of 12393821?
1
What is the tens digit of 79320869?
6
What is the millions digit of 812545226?
2
What is the ten thousands digit of 160136505?
3
What is the ten thousands digit of 471197005?
9
What is the hundred thousands digit of 63439085?
4
What is the thousands digit of 47447587?
7
What is the thousands digit of 35324416?
4
What is the ten thousands digit of 630379354?
7
What is the hundred millions digit of 9615072733?
6
What is the units digit of 859725561?
1
What is the hundreds digit of 3047924971?
9
What is the hundreds digit of 79788784?
7
What is the hundred millions digit of 143414369?
1
What is the millions digit of 5253281296?
3
What is the tens digit of 1780655884?
8
What is the thousands digit of 21037246?
7
What is the ten thousands digit of 53437060?
3
What is the hundred thousands digit of 308454723?
4
What is the thousands digit of 16782846?
2
What is the ten thousands digit of 43111683?
1
What is the tens digit of 42762198?
9
What is the ten millions digit of 1823615283?
2
What is the hundred thousands digit of 2568603765?
6
What is the thousands digit of 49269682?
9
What is the millions digit of 33944248?
3
What is the units digit of 504655247?
7
What is the tens digit of 891318885?
8
What is the tens digit of 331861270?
7
What is the ten thousands digit of 74418830?
1
What is the ten millions digit of 53899829?
5
What is the tens digit of 507502644?
4
What is the millions digit of 2512972306?
2
What is the millions digit of 194524386?
4
What is the units digit of 41601701?
1
What is the millions digit of 3546777331?
6
What is the ten millions digit of 4809807211?
0
What is the tens digit of 27717363?
6
What is the ten millions digit of 106378556?
0
What is the tens digit of 588737318?
1
What is the ten millions digit of 3468773070?
6
What is the ten millions digit of 65437189?
6
What is the millions digit of 90507386?
0
What is the hundreds digit of 166574613?
6
What is the ten thousands digit of 1502217422?
1
What is the units digit of 43787556?
6
What is the thousands digit of 704999033?
9
What is the units digit of 10330715?
5
What is the ten thousands digit of 1615318182?
1
What is the hundred thousands digit of 327826175?
8
What is the ten thousands digit of 731840?
3
What is the hundred thousands digit of 3423741800?
7
What is the ten millions digit of 52354048?
5
What is the hundred millions digit of 1601844762?
6
What is the hundreds digit of 2667553280?
2
What is the millions digit of 593889262?
3
What is the hundreds digit of 37602743?
7
What is the millions digit of 7915051085?
5
What is the tens digit of 166368915?
1
What is the hundred millions digit of 283617271?
2
What is the hundreds digit of 627701050?
0
What is the tens digit of 27199928?
2
What is the ten millions digit of 368983901?
6
What is the ten thousands digit of 60729514?
2
What is the units digit of 1100848878?
8
What is the hundreds digit of 70344061?
0
What is the hundreds digit of 431953468?
4
What is the hundreds digit of 8170971?
9
What is the ten thousands digit of 438089633?
8
What is the millions digit of 17575496?
7
What is the hundred thousands digit of 73771